{"id":12,"date":"2020-01-17T13:34:22","date_gmt":"2020-01-17T13:34:22","guid":{"rendered":"http:\/\/www.rsinstalacoeshe.com.br\/?page_id=12"},"modified":"2020-03-05T19:53:00","modified_gmt":"2020-03-05T19:53:00","slug":"solicite-orcamento","status":"publish","type":"page","link":"https:\/\/www.rsinstalacoeshe.com.br\/?page_id=12","title":{"rendered":"Solicite Or\u00e7amento"},"content":{"rendered":"<p><center>Preencha o formul\u00e1rio abaixo e solicite um or\u00e7amento.<\/center><br \/>\n[contact-form-7 id=&#8221;333&#8243; title=&#8221;Formul\u00e1rio de contacto 1&#8243;]<\/p>\n","protected":false},"excerpt":{"rendered":"<p>Preencha o formul\u00e1rio abaixo e solicite um or\u00e7amento. [contact-form-7 id=&#8221;333&#8243; title=&#8221;Formul\u00e1rio de contacto 1&#8243;]<\/p>\n","protected":false},"author":1,"featured_media":0,"parent":0,"menu_order":0,"comment_status":"open","ping_status":"closed","template":"","meta":[],"_links":{"self":[{"href":"https:\/\/www.rsinstalacoeshe.com.br\/index.php?rest_route=\/wp\/v2\/pages\/12"}],"collection":[{"href":"https:\/\/www.rsinstalacoeshe.com.br\/index.php?rest_route=\/wp\/v2\/pages"}],"about":[{"href":"https:\/\/www.rsinstalacoeshe.com.br\/index.php?rest_route=\/wp\/v2\/types\/page"}],"author":[{"embeddable":true,"href":"https:\/\/www.rsinstalacoeshe.com.br\/index.php?rest_route=\/wp\/v2\/users\/1"}],"replies":[{"embeddable":true,"href":"https:\/\/www.rsinstalacoeshe.com.br\/index.php?rest_route=%2Fwp%2Fv2%2Fcomments&post=12"}],"version-history":[{"count":6,"href":"https:\/\/www.rsinstalacoeshe.com.br\/index.php?rest_route=\/wp\/v2\/pages\/12\/revisions"}],"predecessor-version":[{"id":334,"href":"https:\/\/www.rsinstalacoeshe.com.br\/index.php?rest_route=\/wp\/v2\/pages\/12\/revisions\/334"}],"wp:attachment":[{"href":"https:\/\/www.rsinstalacoeshe.com.br\/index.php?rest_route=%2Fwp%2Fv2%2Fmedia&parent=12"}],"curies":[{"name":"wp","href":"https:\/\/api.w.org\/{rel}","templated":true}]}}